omposite?
True
Is 81889933 prime?
False
Is 187547 composite?
False
Is 1466371 composite?
False
Is 151364777 a composite number?
False
Is 25852271 a composite number?
True
Is 701422 composite?
True
Is 28059463 prime?
True
Is 2620777 prime?
False
Is 83234989 composite?
False
Is 50405354 a composite number?
True
Is 1586456111 prime?
False
Is 54761653 a prime number?
True
Is 2054317 composite?
False
Is 9434993 a prime number?
True
Is 717631 composite?
False
Is 413382857 a prime number?
True
Is 32451299 a composite number?
True
Is 62793161 a prime number?
True
Is 665837 prime?
False
Is 13244219 a composite number?
False
Is 152531 a prime number?
True
Is 1321031 a composite number?
False
Is 417275995 composite?
True
Is 18266005 composite?
True
Is 407628209 prime?
True
Is 32787751 a prime number?
True
Is 17879989 composite?
False
Is 1903777 a prime number?
False
Is 8512547 a composite number?
False
Is 25702585 a composite number?
True
Is 1348673 composite?
False
Is 131436221 composite?
True
Is 7027631 a composite number?
True
Is 17094691 composite?
True
Is 213494615 composite?
True
Is 6460913 prime?
False
Is 62974843 a composite number?
False
Is 41188513 a prime number?
False
Is 4661 composite?
True
Is 240785585 prime?
False
Is 358289 composite?
False
Is 90666111 a composite number?
True
Is 14329883 prime?
True
Is 12372537 prime?
False
Is 72022763 a prime number?
True
Is 644687891 a prime number?
True
Is 2797034 composite?
True
Is 387240707 a composite number?
True
Is 1315133 a composite number?
True
Is 121295357 a composite number?
True
Is 22550441 prime?
True
Is 20260303 a prime number?
False
Is 448671901 a composite number?
False
Is 217532599 a composite number?
True
Is 383571049 a prime number?
True
Is 555521929 composite?
False
Is 80723 a composite number?
True
Is 56545427 a composite number?
False
Is 22008553 prime?
False
Is 4326559 a composite number?
False
Is 7655047 a composite number?
True
Is 1280576149 a prime number?
True
Is 73663 a prime number?
False
Is 5916269 a composite number?
False
Is 2043521 prime?
False
Is 3201981 composite?
True
Is 101470651 composite?
False
Is 189673249 a prime number?
False
Is 6579941 a prime number?
True
Is 233111071 a composite number?
False
Is 65193347 a composite number?
False
Is 386101 a composite number?
True
Is 8849147 prime?
False
Is 11187973 composite?
False
Is 53774953 composite?
True
Is 8499367 a prime number?
True
Is 245639501 composite?
False
Is 47041751 a prime number?
False
Is 507161 a prime number?
False
Is 13066699 a prime number?
False
Is 15336299 prime?
False
Is 956477 a prime number?
True
Is 1212671 a composite number?
False
Is 22978691 a prime number?
True
Is 52515853 prime?
False
Is 9287977 prime?
True
Is 78212429 a composite number?
False
Is 73224131 a prime number?
True
Is 29576615 composite?
True
Is 60841177 prime?
False
Is 62512361 a composite number?
False
Is 484927 prime?
True
Is 7377973 prime?
False
Is 2353453 composite?
False
Is 8205011 prime?
True
Is 1408349 composite?
False
Is 382642597 a prime number?
True
Is 137910641 composite?
True
Is 623797 a composite number?
True
Is 5571919 a composite number?
False
Is 27446591 prime?
True
Is 111299 a prime number?
False
Is 64049 a composite number?
True
Is 2904901 prime?
False
Is 5799053 a prime number?
False
Is 139993403 a prime number?
False
Is 50487271 composite?
False
Is 56845 a prime number?
False
Is 1334789 a prime number?
False
Is 366605453 a composite number?
False
Is 22890073 composite?
False
Is 7200395 a prime number?
False
Is 1017473 prime?
True
Is 7671347 a prime number?
False
Is 562122245 a prime number?
False
Is 50260673 a prime number?
False
Is 200641867 composite?
True
Is 356958887 prime?
False
Is 14920585 composite?
True
Is 88510679 a composite number?
True
Is 762203 a composite number?
True
Is 32605714 prime?
False
Is 13415834 a prime number?
False
Is 560543 a prime number?
True
Is 1535803 prime?
True
Is 157667 a prime number?
True
Is 56547221 a prime number?
True
Is 1401937 a composite number?
False
Is 27408517 a composite number?
True
Is 8738377 a composite number?
False
Is 5391469 prime?
False
Is 45592181 composite?
True
Is 429823 prime?
True
Is 538686047 a composite number?
False
Is 3417613 composite?
True
Is 4021291 a composite number?
True
Is 22045291 prime?
False
Is 230719 a composite number?
False
Is 42033685 composite?
True
Is 3236573 a composite number?
True
Is 4174465 a prime number?
False
Is 207794327 prime?
False
Is 30092353 composite?
True
Is 52745701 a composite number?
True
Is 126102841 composite?
True
Is 370633679 a prime number?
False
Is 120284407 a prime number?
False
Is 5734538 composite?
True
Is 2183339 composite?
False
Is 6260185 prime?
False
Is 160501 composite?
True
Is 4698893 a prime number?
True
Is 5136767 a composite number?
True
Is 1250297 a composite number?
False
Is 8636377 a prime number?
True
Is 2321107 prime?
False
Is 14669093 composite?
False
Is 58682483 a composite number?
False
Is 23294283 prime?
False
Is 1584977 a prime number?
False
Is 193201 prime?
True
Is 71096543 prime?
False
Is 56868731 composite?
True
Is 18320469 a prime number?
False
Is 184495 a prime number?
False
Is 94630361 composite?
True
Is 90188583 a prime number?
False
Is 3016753 prime?
True
Is 4630789 a prime number?
True
Is 75205421 prime?
True
Is 91435255 a composite number?
True
Is 57415223 a composite number?
False
Is 689252405 prime?
False
Is 209663731 a prime number?
False
Is 10409431 a prime number?
True
Is 130341461 prime?
True
Is 63570761 a prime number?
True
Is 737801 a prime number?
True
Is 7654603 a prime number?
False
Is 97878023 a composite number?
False
Is 597891901 composite?
True
Is 179252167 prime?
True
Is 1652687 a prime number?
True
Is 6164789 prime?
False
Is 51938053 a prime number?
True
Is 374816307 prime?
False
Is 230564951 a composite number?
False
Is 29481779 a composite number?
False
Is 56494439 a composite number?
False
Is 14197297 prime?
True
Is 1475555 composite?
True
Is 79820869 a prime number?
False
Is 810137 prime?
True
Is 7781177 composite?
True
Is 899051 a composite number?
False
Is 4240597 a prime number?
True
Is 1627439 a composite number?
True
Is 14496469 prime?
False
Is 1730145613 composite?
True
Is 11577977 a prime number?
True
Is 342743519 prime?
True
Is 36774419 composite?
True
Is 347857 prime?
False
Is 6843539 a prime number?
True
Is 39949321 a prime number?
False
Is 1542881 composite?
False
Is 258052603 a prime number?
False
Is 12749315 prime?
False
Is 3994519 a prime number?
False
Is 4515898 a composite number?
True
Is 8996231 composite?
True
Is 271753 prime?
True
Is 5999867 composite?
True
Is 167016559 prime?
True
Is 36970457 a prime number?
True
Is 1195107553 a prime number?
True
Is 137907167 a prime number?
True
Is 1065983 composite?
True
Is 1063132531 a composite number?
True
Is 557705693 prime?
True
Is 13807753 a composite number?
False
Is 994271 prime?
True
Is 1304521727 a composite number?
False
Is 106032791 a prime number?
False
Is 22064459 prime?
True
Is 1104007 composite?
True
Is 16182287 prime?
False
Is 2068923 a prime number?
False
Is 102541757 prime?
True
Is 998708345 prime?
False
Is 129253507 prime?
True
Is 9372163 a prime number?
True
Is 199649661 composite?
True
Is 32463638 prime?
False
Is 1273823 a composite number?
False
Is 1622717 prime?
False
Is 348310051 prime?
True
Is 2241271 prime?
True
Is 4206287 prime?
False
Is 228746731 a prime number?
True
Is 11022917 composite?
True
Is 68842 a composite number?
True
Is 5642669 a composite number?
False
Is 11035763 prime?
False
Is 1367969 prime?
False
Is 7026421 a prime number?
True
Is 7497847 prime?
False
Is 107638277 prime?
True
Is 279353 a composite number?
False
Is 1860823 a prime number?
False
Is 102154709 composite?
True
Is 50654963 prime?
True
Is 49295039 composite?
False
Is 2366551 a prime number?
False
Is 107795681 a composite number?
True
Is 45437779 a composite number?
True
Is 2335181 composite?
True
Is 34915847 composite?
True
Is 533411 composite?
True
Is 137029993 composite?
False
Is 51801807 composite?
True
Is 14943091 prime?
False
Is 21368489 prime?
True
Is 14745065 a prime number?
False
Is 162253183 prime?
False
Is 457999 a prime number?
False
Is 4292786 a composite number?
True
Is 17241691 prim